ivisor of 368 and o?
23
Suppose 0 = -7*a + 2*a. Let t be (7 - 6)/((-1)/(-65) + a). What is the greatest common factor of 13 and t?
13
Suppose 22*d - 33 - 407 = 0. Calculate the greatest common factor of d and 200.
20
Let v(l) = 5*l - 14. Let k be v(10). Let z(t) = 14*t. Let f be z(-3). Let c = f - -60. What is the highest common divisor of c and k?
18
Suppose -t + 167 = 2*h, h + 5*t = -0*h + 79. Suppose 3*o = a - o - 44, 34 = a - 2*o. What is the greatest common factor of h and a?
12
Suppose 8*b - 25 = 3*b. Suppose -j + 36 = -v, 2*j + 72 = 4*j - b*v. What is the greatest common divisor of 12 and j?
12
Let z = 58 - 55. What is the highest common divisor of 25 and z?
1
Suppose 26*i - 53*i = -5616. What is the highest common factor of 130 and i?
26
Suppose -2*m = 2*r - 8, 2*r + 3*m = 6*r - 9. Suppose -2 = r*q - 23. Suppose -q*j - 144 = -8*j. Calculate the highest common factor of j and 18.
18
Let y = 347 - -159. What is the highest common divisor of y and 92?
46
Suppose 138 - 28 = 5*j. Let a = j + 2. What is the highest common factor of a and 8?
8
Let a(w) = w**3 + 6*w**2 + w - 8. Let p be a(-4). Let x(s) = -s**2 + 4 + 0*s + 1 - s. Let k be x(0). What is the highest common factor of k and p?
5
Suppose 10*k - 5*k + 2*d = 101, -107 = -5*k + d. What is the greatest common divisor of k and 1281?
21
Let a(c) = 6*c**2 - 2*c + 63. Let g be a(0). What is the greatest common factor of 7 and g?
7
Suppose l - 2 - 2 = 0. Let b = 36 + -55. Let p = 1 - b. What is the greatest common divisor of l and p?
4
Suppose -109*l + 107*l + 2688 = 0. Calculate the highest common factor of 21 and l.
21
Suppose -2*w = 6*w - 1248. Calculate the greatest common divisor of 12 and w.
12
Let m = 597 + -577. What is the highest common factor of m and 270?
10
Let j(a) = -50*a**3 + a**2 - 15*a - 15. Let f be j(-1). What is the highest common divisor of f and 544?
17
Suppose 2*m = 3*o - 25, 0 = 5*m - 0*m - 20. Let a(v) = v**2 - 11*v + 2. Let t be a(o). Let x = -10 + 26. Calculate the highest common divisor of x and t.
2
Let x(k) = k**3 - 13*k**2 - 14*k + 30. Let w be x(15). What is the greatest common factor of w and 108?
54
Suppose -9*t + 77 = -220. Suppose -4*j + 51 + t = 0. What is the highest common divisor of j and 21?
21
Let t be -15 + -2 + 15 - -730. What is the greatest common factor of t and 98?
14
Let n(q) = -29*q**2 + 9*q + 14. Let g(m) = -14*m**2 + 4*m + 7. Let a(r) = -5*g(r) + 2*n(r). Let b be a(3). Calculate the highest common factor of 19 and b.
19
Let y(f) = f**2 - 32*f + 11. Let x be y(33). Calculate the highest common factor of 77 and x.
11
Suppose -7 = 3*z - 7. Suppose 0*w + 3*k + 15 = 3*w, k - 4 = z. What is the highest common factor of w and 6?
3
Let p be -4*(-25)/15*66/4. What is the highest common factor of p and 66?
22
Suppose 7*d - 59 = 25. What is the highest common factor of 20 and d?
4
Let q = 381 + -197. What is the greatest common divisor of 115 and q?
23
Suppose -5*b = 2*x - 992, -25 + 23 = -2*x. Calculate the greatest common divisor of b and 1287.
99
Suppose -311 = -4*y - 5*j, 4*j + 145 = 2*y + 3*j. What is the highest common divisor of 592 and y?
74
Let h be 25/7 + (-4)/7. Suppose h*m + 5*d - 53 + 5 = 0, -4*d = m - 9. Let j = 0 - -14. Calculate the greatest common factor of j and m.
7
Suppose -w = -4*v, 5*w - 13 = 5*v + 2. Suppose 0*g - 5*g - 5*l + 205 = 0, -4*l = w. What is the greatest common factor of 6 and g?
6
Suppose -3*v - 119 = 13. Let y = -43 - v. Let t(w) = -6*w - 1. Let a be t(-1). Calculate the highest common factor of y and a.
1
Suppose -1 = -0*p + p. Let t be 338/16 + p/8. What is the highest common factor of 189 and t?
21
Let f = 45 + -109. Let m = f + 66. Calculate the highest common factor of 1 and m.
1
Let m(w) = -w**3 + 4*w**2 - 3*w + 2. Let i be m(3). Suppose 0 = 3*v + 4*r - 186, -3*r - 75 = v - i*v. Calculate the greatest common divisor of v and 22.
22
Let j(d) = 1251*d**2 + 12*d + 8. Let t be j(-1). Calculate the highest common factor of t and 29.
29
Suppose -549 - 2091 = -60*z. What is the greatest common factor of z and 1188?
44
Let n(h) = -3*h**3 - 2*h**2 + h - 2. Let c be n(-4). Let u = -113 - -171. Let m = c - u. What is the highest common divisor of 12 and m?
12
Let x(d) = -d**3 - d**2 + 3*d - 8. Let v be x(-6). Calculate the highest common factor of v and 42.
14
Let f be (9 + -11 + 8)/(2/10). What is the greatest common divisor of f and 45?
15
Suppose -60 = -5*w + 2*w. Calculate the greatest common factor of 4 and w.
4
Let c(f) = -3*f**3 + 3*f**2 - f + 36. Let g be c(-6). Calculate the greatest common factor of 105 and g.
21
Suppose 24*x - 609 - 591 = 0. What is the greatest common divisor of x and 75?
25
Let f be 33/(-792) + (-8497)/(-24). What is the greatest common divisor of 944 and f?
118
Let c(y) = 0*y - 11*y + 10*y + 25 + 10*y. Let l be c(7). What is the greatest common divisor of 8 and l?
8
Suppose -43*h = -28*h - 4455. What is the greatest common factor of h and 108?
27
Let j be 5 - 426*(-11)/33. Let v = -12 + 33. What is the highest common factor of v and j?
21
Let y(o) = -o**3 - 9*o**2 + 34*o - 16. Let i be y(-12). What is the greatest common factor of i and 232?
8
Let x = 5 + -9. Let h be 4 - 3 - (3 + x). Suppose 19 = 4*d + 3*r, r - 9 = d - r. Calculate the greatest common divisor of d and h.
1
Let a(s) = -8*s**3 - s**2 - 3*s - 2. Let j be a(-2). Suppose 3*t + 8 = 4*t. What is the highest common factor of j and t?
8
Suppose 3*v - 5*d - 729 = 0, -d + 0*d + 972 = 4*v. Let r(l) = 28*l - 1. Let b be r(1). What is the greatest common factor of v and b?
27
Let i = -12 + 13. Let q = -1 + i. Suppose q = -m - 4*m + 75. What is the highest common divisor of m and 6?
3
Suppose 177 = 3*x - 5*u + 2*u, 0 = 3*u - 6. Calculate the highest common factor of 671 and x.
61
Suppose 0 = 22*t - 0*t - 616. Calculate the highest common divisor of 938 and t.
14
Let t(r) = r**2 - 9*r + 20. Let w be t(7). What is the greatest common factor of 4 and w?
2
Let g(u) = -2*u**2 + 43*u - 9. Let c be g(8). Calculate the highest common divisor of 9 and c.
9
Let w = 1872 - 1728. What is the highest common factor of w and 54?
18
Let h be -2 + 9/6*36. Let z(i) = i**2 + 3*i - 5. Let n be z(3). What is the greatest common factor of n and h?
13
Let v be (36/(-30))/(2/(-15)). Suppose -3*h + 5 = -o, 5*h + 2*o - 2 + 12 = 0. Suppose h = 4*c - 112 - 212. What is the highest common factor of v and c?
9
Let b be ((-26)/39)/((-12)/4266). What is the highest common divisor of 316 and b?
79
Suppose -h + 2*h + 17 = 2*i, -i - 5*h = 8. Calculate the highest common divisor of 63 and i.
7
Suppose d = -0*d + 215. Suppose 0 = -130*g + 76*g - 4 + 4648. Calculate the greatest common factor of g and d.
43
Let t be (6 - (-2618)/55) + 2/5. What is the highest common divisor of t and 2133?
27
Let y be ((-298)/8 + -1)*(-8)/3. Calculate the highest common divisor of 6 and y.
6
Let c be 2/((-1500)/378 + 4). What is the highest common factor of c and 18?
9
Suppose -4*a - m + 1499 = 0, -5*m = 2*a - 572 - 191. What is the highest common divisor of a and 22?
22
Suppose -1653 = -5*p - m + 2*m, -p = -m - 333. Suppose o = 4*o - p. What is the greatest common factor of 10 and o?
10
Let i be (-68)/(-6 + 6 + -2). Suppose -a - a + 277 = -z, -3*a - 3*z + 393 = 0. Calculate the greatest common divisor of a and i.
34
Let q = 1830 - 1679. Calculate the greatest common divisor of 453 and q.
151
Suppose -a - 5*h + 2548 = 0, -3*a + 4*h + 7036 = -627. Calculate the greatest common divisor of 111 and a.
111
Let r(m) be the second derivative of 2*m**3/3 - 4*m**2 + 7*m. Let v be r(4). What is the highest common factor of v and 16?
8
Let u be -1 - 89 - (8 + -7). Let r = u + 97. Calculate the highest common factor of 6 and r.
6
Suppose -308 = 3*j + j. Let c be (-14)/j - (-130)/11. What is the highest common factor of c and 48?
12
Let n(r) = r**2 + 4*r - 15. Let o be n(-5). Let j = o - -23. Let f(x) = x**3 - 4*x**2 - 4*x + 4. Let b be f(6). What is the highest common divisor of b and j?
13
Suppose 2*k + k = 0. Let t be (-18)/9 - (k - 296). Let r = -158 + t. What is the greatest common divisor of r and 17?
17
Suppose 3*f + 2 = 5*f. Suppose -2*g = -3*k - 35, 4*g = -2*k + 31 - f. Calculate the highest common divisor of 10 and g.
10
Let g(j) = -75*j - 121. Let c be g(-3). Let w = 29 + -16. Calculate t